{"id":348,"date":"2024-03-07T15:01:14","date_gmt":"2024-03-07T14:01:14","guid":{"rendered":"https:\/\/matijavertovec.si\/?page_id=348"},"modified":"2024-03-07T15:01:14","modified_gmt":"2024-03-07T14:01:14","slug":"21-pohod-po-vertovcevih-poteh","status":"publish","type":"page","link":"https:\/\/matijavertovec.si\/index.php\/21-pohod-po-vertovcevih-poteh\/","title":{"rendered":"21. POHOD PO VERTOV\u010cEVIH POTEH"},"content":{"rendered":"\n<p><strong>Ustje, 19.11.2023<\/strong><\/p>\n\n\n\n<p class=\"has-text-align-justify\">Pohod v spomin na vipavskega rojaka in prvega slovenskega vinskega strokovnjaka Matijo Vertovca poteka skozi vasi na Vipavskih gri\u010dih. Pot nam vzame okoli 5 ur nezahtevne hoje. Zbor pohodnikov je med 7.00 in 9.00 pod hrastom pred vasjo Ustje.<\/p>\n\n\n\n<p class=\"has-text-align-justify\">Smer pohoda: Ustje \u2013 Dolenje \u2013 sv. Marjeta \u2013 Planina \u2013 Ostri vrh (\u010dez ali mimo) \u2013 Potok \u2013 Jakulini (rojstni kraj Matije Vertovca) \u2013 \u0160marje \u2013 Vrtov\u010de \u2013 Tev\u010de \u2013 Ustje.<\/p>\n\n\n\n<p class=\"has-text-align-justify\">Jutro, 19. novembra \u2013 na dan pohoda je bilo hladno, rahlo vetrovno. Na nebu so se videle posamezne zvezdice, kar nam je dajalo upanje na dokaj lepo vreme. Takoj po 6. uri smo za\u010deli s pripravo prostora za sprejem pohodnikov. Pripravili smo topel \u010daj in kavo, lon\u010dke za ve\u010dkratno uporabo, razporedili redarje, ekipo za usmerjanje prometa in parkiranje avtomobilov.<\/p>\n\n\n\n<figure class=\"wp-block-image size-large\"><img loading=\"lazy\" decoding=\"async\" width=\"1024\" height=\"382\" src=\"https:\/\/matijavertovec.si\/wp-content\/uploads\/2024\/03\/1-1-1024x382.jpg\" alt=\"\" class=\"wp-image-352\" srcset=\"https:\/\/matijavertovec.si\/wp-content\/uploads\/2024\/03\/1-1-1024x382.jpg 1024w, https:\/\/matijavertovec.si\/wp-content\/uploads\/2024\/03\/1-1-300x112.jpg 300w, https:\/\/matijavertovec.si\/wp-content\/uploads\/2024\/03\/1-1-768x286.jpg 768w, https:\/\/matijavertovec.si\/wp-content\/uploads\/2024\/03\/1-1-685x255.jpg 685w, https:\/\/matijavertovec.si\/wp-content\/uploads\/2024\/03\/1-1.jpg 1360w\" sizes=\"auto, (max-width: 1024px) 100vw, 1024px\" \/><\/figure>\n\n\n\n<p>\u017de pred sedmo so za\u010deli prihajati prvi pohodniki, ki so se takoj po okrep\u010dilu podali na pot proti Dolenjam.<\/p>\n\n\n\n<figure class=\"wp-block-image size-large\"><img loading=\"lazy\" decoding=\"async\" width=\"1024\" height=\"388\" src=\"https:\/\/matijavertovec.si\/wp-content\/uploads\/2024\/03\/1-2-1024x388.jpg\" alt=\"\" class=\"wp-image-353\" srcset=\"https:\/\/matijavertovec.si\/wp-content\/uploads\/2024\/03\/1-2-1024x388.jpg 1024w, https:\/\/matijavertovec.si\/wp-content\/uploads\/2024\/03\/1-2-300x114.jpg 300w, https:\/\/matijavertovec.si\/wp-content\/uploads\/2024\/03\/1-2-768x291.jpg 768w, https:\/\/matijavertovec.si\/wp-content\/uploads\/2024\/03\/1-2-685x260.jpg 685w, https:\/\/matijavertovec.si\/wp-content\/uploads\/2024\/03\/1-2.jpg 1358w\" sizes=\"auto, (max-width: 1024px) 100vw, 1024px\" \/><\/figure>\n\n\n\n<p class=\"has-text-align-justify\">Iz Dolenj jih je pot vodila po kratkem strmej\u0161em delu poti do cerkvice svete Marjete, kjer je TD Dolenje pripravilo lepo oblo\u017eeno stojnico z doma\u010dimi pekarskimi dobrotami in pija\u010do.<\/p>\n\n\n\n<figure class=\"wp-block-gallery has-nested-images columns-default is-cropped wp-block-gallery-1 is-layout-flex wp-block-gallery-is-layout-flex\">\n<figure class=\"wp-block-image size-large\"><img loading=\"lazy\" decoding=\"async\" width=\"1024\" height=\"488\" data-id=\"354\" src=\"https:\/\/matijavertovec.si\/wp-content\/uploads\/2024\/03\/1-3-1024x488.jpg\" alt=\"\" class=\"wp-image-354\" srcset=\"https:\/\/matijavertovec.si\/wp-content\/uploads\/2024\/03\/1-3-1024x488.jpg 1024w, https:\/\/matijavertovec.si\/wp-content\/uploads\/2024\/03\/1-3-300x143.jpg 300w, https:\/\/matijavertovec.si\/wp-content\/uploads\/2024\/03\/1-3-768x366.jpg 768w, https:\/\/matijavertovec.si\/wp-content\/uploads\/2024\/03\/1-3-685x326.jpg 685w, https:\/\/matijavertovec.si\/wp-content\/uploads\/2024\/03\/1-3.jpg 1348w\" sizes=\"auto, (max-width: 1024px) 100vw, 1024px\" \/><\/figure>\n<\/figure>\n\n\n\n<p>\u0160e zadnji po\u010ditek na Nabojsu ter mimo vinogradov proti Planini.<\/p>\n\n\n\n<figure class=\"wp-block-image size-large\"><img loading=\"lazy\" decoding=\"async\" width=\"1024\" height=\"486\" src=\"https:\/\/matijavertovec.si\/wp-content\/uploads\/2024\/03\/1-4-1024x486.jpg\" alt=\"\" class=\"wp-image-355\" srcset=\"https:\/\/matijavertovec.si\/wp-content\/uploads\/2024\/03\/1-4-1024x486.jpg 1024w, https:\/\/matijavertovec.si\/wp-content\/uploads\/2024\/03\/1-4-300x142.jpg 300w, https:\/\/matijavertovec.si\/wp-content\/uploads\/2024\/03\/1-4-768x364.jpg 768w, https:\/\/matijavertovec.si\/wp-content\/uploads\/2024\/03\/1-4-685x325.jpg 685w, https:\/\/matijavertovec.si\/wp-content\/uploads\/2024\/03\/1-4.jpg 1339w\" sizes=\"auto, (max-width: 1024px) 100vw, 1024px\" \/><\/figure>\n\n\n\n<p class=\"has-text-align-justify\">Na Planini \u2013 placu pred cerkvijo je zadi\u0161alo po fri\u0161no pe\u010denih \u017eemeljcah in doma\u010dem pr\u0161utu. Pekarna Pipan je tudi tokrat poskrbela za dobro voljo la\u010dnih pohodnikov. Na placu ni manjkalo niti \u010daja in kave ter drugih okrep\u010dil. Tako krajani kot TD Soudan so se zelo potrudili.<\/p>\n\n\n\n<figure class=\"wp-block-image size-large\"><img loading=\"lazy\" decoding=\"async\" width=\"1024\" height=\"383\" src=\"https:\/\/matijavertovec.si\/wp-content\/uploads\/2024\/03\/1-5-1024x383.jpg\" alt=\"\" class=\"wp-image-356\" srcset=\"https:\/\/matijavertovec.si\/wp-content\/uploads\/2024\/03\/1-5-1024x383.jpg 1024w, https:\/\/matijavertovec.si\/wp-content\/uploads\/2024\/03\/1-5-300x112.jpg 300w, https:\/\/matijavertovec.si\/wp-content\/uploads\/2024\/03\/1-5-768x287.jpg 768w, https:\/\/matijavertovec.si\/wp-content\/uploads\/2024\/03\/1-5-685x256.jpg 685w, https:\/\/matijavertovec.si\/wp-content\/uploads\/2024\/03\/1-5.jpg 1364w\" sizes=\"auto, (max-width: 1024px) 100vw, 1024px\" \/><\/figure>\n\n\n\n<p class=\"has-text-align-justify\">Po po\u010ditku na Planini je pot vodila skozi naselje do balinarske dvorane in od tu do naselja Marci. Po gozdni poti smo pri\u0161li do Jezerca, kjer je zadi\u0161alo po kostanju in kuhanem vinu. Na\u0161 Viktor je poskrbel, da je bilo tudi tu \u017eivahno.<\/p>\n\n\n\n<figure class=\"wp-block-image size-large\"><img loading=\"lazy\" decoding=\"async\" width=\"1024\" height=\"382\" src=\"https:\/\/matijavertovec.si\/wp-content\/uploads\/2024\/03\/1-6-1024x382.jpg\" alt=\"\" class=\"wp-image-357\" srcset=\"https:\/\/matijavertovec.si\/wp-content\/uploads\/2024\/03\/1-6-1024x382.jpg 1024w, https:\/\/matijavertovec.si\/wp-content\/uploads\/2024\/03\/1-6-300x112.jpg 300w, https:\/\/matijavertovec.si\/wp-content\/uploads\/2024\/03\/1-6-768x286.jpg 768w, https:\/\/matijavertovec.si\/wp-content\/uploads\/2024\/03\/1-6-685x256.jpg 685w, https:\/\/matijavertovec.si\/wp-content\/uploads\/2024\/03\/1-6.jpg 1343w\" sizes=\"auto, (max-width: 1024px) 100vw, 1024px\" \/><\/figure>\n\n\n\n<p class=\"has-text-align-justify\">Od Jezerca do pod Ostrega vrha je \u0161e ca 20 minut hoje. Tu ima Jo\u017ee svojo postojanko, kjer se je mo\u017eno okrep\u010dati preden se spusti v dolino oziroma se povzpne na Ostri vrh. Do kri\u017ea na Ostrem vrhu je \u0161e dobrih 10 minut. Od tu je \u010dudovit razgled proti Gaberjam, Potoku, Jakulinom, Hra\u0161\u010dam in \u0160marjam v dolini pod njim. Dobro je videti tudi \u0160tanjel, pa celo Sv. Martin na Brjah.<\/p>\n\n\n\n<p class=\"has-text-align-justify\">Poti nas peljejo proti naselje Potok (zaselek krajevne skupnosti \u0160marje), kjer na doma\u010diji Vrtovec ponujajo prigrizke in poku\u0161njo doma\u010dega vina iz avtotonih trt, ki so bile posajene v tem okoli\u0161u za \u010dasa Vertovca.<\/p>\n\n\n\n<figure class=\"wp-block-image size-large\"><img loading=\"lazy\" decoding=\"async\" width=\"1024\" height=\"382\" src=\"https:\/\/matijavertovec.si\/wp-content\/uploads\/2024\/03\/1-7-1024x382.jpg\" alt=\"\" class=\"wp-image-358\" srcset=\"https:\/\/matijavertovec.si\/wp-content\/uploads\/2024\/03\/1-7-1024x382.jpg 1024w, https:\/\/matijavertovec.si\/wp-content\/uploads\/2024\/03\/1-7-300x112.jpg 300w, https:\/\/matijavertovec.si\/wp-content\/uploads\/2024\/03\/1-7-768x286.jpg 768w, https:\/\/matijavertovec.si\/wp-content\/uploads\/2024\/03\/1-7-685x255.jpg 685w, https:\/\/matijavertovec.si\/wp-content\/uploads\/2024\/03\/1-7.jpg 1381w\" sizes=\"auto, (max-width: 1024px) 100vw, 1024px\" \/><\/figure>\n\n\n\n<p class=\"has-text-align-justify\">Iz zaselka Potok zavijemo levo proti zaselku Jakulini. Tu je rojstna hi\u0161a Matija Vertovca, na informativni tabli pred njo pa so vsi podatki o Vertovcu. Zanimiva je Vertov\u010deva klet, ki je pod hi\u0161o z vhodom od zadaj. Pot nas od tu vodi proti \u0160marjam, kjer je predvidena osrednja slovesnot in topla malica.<\/p>\n\n\n\n<figure class=\"wp-block-image size-large\"><img loading=\"lazy\" decoding=\"async\" width=\"1024\" height=\"384\" src=\"https:\/\/matijavertovec.si\/wp-content\/uploads\/2024\/03\/1-8-1024x384.jpg\" alt=\"\" class=\"wp-image-359\" srcset=\"https:\/\/matijavertovec.si\/wp-content\/uploads\/2024\/03\/1-8-1024x384.jpg 1024w, https:\/\/matijavertovec.si\/wp-content\/uploads\/2024\/03\/1-8-300x112.jpg 300w, https:\/\/matijavertovec.si\/wp-content\/uploads\/2024\/03\/1-8-768x288.jpg 768w, https:\/\/matijavertovec.si\/wp-content\/uploads\/2024\/03\/1-8-685x257.jpg 685w, https:\/\/matijavertovec.si\/wp-content\/uploads\/2024\/03\/1-8.jpg 1380w\" sizes=\"auto, (max-width: 1024px) 100vw, 1024px\" \/><\/figure>\n\n\n\n<p class=\"has-text-align-justify\">V \u0160marjah je pred staro osnovno \u0161olo na \u0161portnem igri\u0161\u010du pripravljena topla malica \u2013 jota in klobasa in \u0161e kaj. V Vertov\u010devi sobi so nam igrali tambura\u0161i tambura\u0161kega orkestra Danica.<\/p>\n\n\n\n<p class=\"has-text-align-justify\">V centru \u0160marja se je v cerkvi Marijinega imena opravljala ma\u0161a za pohodnike. Takoj po ma\u0161i, pa je pred cerkvijo ob spominski plo\u0161\u010di Matija Vertovca, potekala proslava. Udele\u017eence je pozdravila predsednica KS \u0160marje Ksenija Trobec, prisotne pa je nagovoril predsednik dru\u0161tva Matija Vertovec Marijan Lozej. Med pozdravi in nagovorom je pel oktet Castrum ter igrala godba Pihalnega orkestra Ajdov\u0161\u010dina.<\/p>\n\n\n\n<figure class=\"wp-block-image size-large\"><img loading=\"lazy\" decoding=\"async\" width=\"1024\" height=\"341\" src=\"https:\/\/matijavertovec.si\/wp-content\/uploads\/2024\/03\/1-9-1024x341.jpg\" alt=\"\" class=\"wp-image-360\" srcset=\"https:\/\/matijavertovec.si\/wp-content\/uploads\/2024\/03\/1-9-1024x341.jpg 1024w, https:\/\/matijavertovec.si\/wp-content\/uploads\/2024\/03\/1-9-300x100.jpg 300w, https:\/\/matijavertovec.si\/wp-content\/uploads\/2024\/03\/1-9-768x256.jpg 768w, https:\/\/matijavertovec.si\/wp-content\/uploads\/2024\/03\/1-9-685x228.jpg 685w, https:\/\/matijavertovec.si\/wp-content\/uploads\/2024\/03\/1-9.jpg 1379w\" sizes=\"auto, (max-width: 1024px) 100vw, 1024px\" \/><\/figure>\n\n\n\n<figure class=\"wp-block-image size-large\"><img loading=\"lazy\" decoding=\"async\" width=\"1024\" height=\"341\" src=\"https:\/\/matijavertovec.si\/wp-content\/uploads\/2024\/03\/1-10-1024x341.jpg\" alt=\"\" class=\"wp-image-361\" srcset=\"https:\/\/matijavertovec.si\/wp-content\/uploads\/2024\/03\/1-10-1024x341.jpg 1024w, https:\/\/matijavertovec.si\/wp-content\/uploads\/2024\/03\/1-10-300x100.jpg 300w, https:\/\/matijavertovec.si\/wp-content\/uploads\/2024\/03\/1-10-768x256.jpg 768w, https:\/\/matijavertovec.si\/wp-content\/uploads\/2024\/03\/1-10-685x228.jpg 685w, https:\/\/matijavertovec.si\/wp-content\/uploads\/2024\/03\/1-10.jpg 1382w\" sizes=\"auto, (max-width: 1024px) 100vw, 1024px\" \/><\/figure>\n\n\n\n<p class=\"has-text-align-justify\">Iz \u0160marij smo se povzpeli na Vrtov\u010de, kjer je ob bogati kme\u010dki tr\u017enici nastopala godba iz Komende<\/p>\n\n\n\n<figure class=\"wp-block-image size-large\"><img loading=\"lazy\" decoding=\"async\" width=\"1024\" height=\"383\" src=\"https:\/\/matijavertovec.si\/wp-content\/uploads\/2024\/03\/1-11-1024x383.jpg\" alt=\"\" class=\"wp-image-362\" srcset=\"https:\/\/matijavertovec.si\/wp-content\/uploads\/2024\/03\/1-11-1024x383.jpg 1024w, https:\/\/matijavertovec.si\/wp-content\/uploads\/2024\/03\/1-11-300x112.jpg 300w, https:\/\/matijavertovec.si\/wp-content\/uploads\/2024\/03\/1-11-768x287.jpg 768w, https:\/\/matijavertovec.si\/wp-content\/uploads\/2024\/03\/1-11-685x256.jpg 685w, https:\/\/matijavertovec.si\/wp-content\/uploads\/2024\/03\/1-11.jpg 1367w\" sizes=\"auto, (max-width: 1024px) 100vw, 1024px\" \/><\/figure>\n\n\n\n<p class=\"has-text-align-justify\">Nadaljevali smo pot proti Tev\u010dam in Uhanjam. Na krasni razgledni to\u010dki nad Vrtov\u010dami, je postavljena malo druga\u010dna informativna tabla \u2013 razglednica Ajdov\u0161\u010dine. Od tu se \u010dudovito vidi vipavsko dolino od Budanj do \u010crni\u010d.<\/p>\n\n\n\n<figure class=\"wp-block-image size-large\"><img loading=\"lazy\" decoding=\"async\" width=\"1024\" height=\"385\" src=\"https:\/\/matijavertovec.si\/wp-content\/uploads\/2024\/03\/1-12-1024x385.jpg\" alt=\"\" class=\"wp-image-363\" srcset=\"https:\/\/matijavertovec.si\/wp-content\/uploads\/2024\/03\/1-12-1024x385.jpg 1024w, https:\/\/matijavertovec.si\/wp-content\/uploads\/2024\/03\/1-12-300x113.jpg 300w, https:\/\/matijavertovec.si\/wp-content\/uploads\/2024\/03\/1-12-768x289.jpg 768w, https:\/\/matijavertovec.si\/wp-content\/uploads\/2024\/03\/1-12-685x257.jpg 685w, https:\/\/matijavertovec.si\/wp-content\/uploads\/2024\/03\/1-12.jpg 1384w\" sizes=\"auto, (max-width: 1024px) 100vw, 1024px\" \/><\/figure>\n\n\n\n<p class=\"has-text-align-justify\">Iz Uhanj imamo samo \u0161e kilometer do zaklju\u010dka kro\u017ene poti. Noge obi\u010dajno \u017ee malo bolijo, vendar se spla\u010da potruditi pod hrast, kjer je bogata kme\u010dka tr\u017enica. Tu ne manjka suhih mesnih izdelkov, peciva, zelenjave in sadja, pija\u010de in drugih dobrin Ajdovske ob\u010dine.<\/p>\n\n\n\n<figure class=\"wp-block-image size-large\"><img loading=\"lazy\" decoding=\"async\" width=\"1024\" height=\"342\" src=\"https:\/\/matijavertovec.si\/wp-content\/uploads\/2024\/03\/1-13-1024x342.jpg\" alt=\"\" class=\"wp-image-364\" srcset=\"https:\/\/matijavertovec.si\/wp-content\/uploads\/2024\/03\/1-13-1024x342.jpg 1024w, https:\/\/matijavertovec.si\/wp-content\/uploads\/2024\/03\/1-13-300x100.jpg 300w, https:\/\/matijavertovec.si\/wp-content\/uploads\/2024\/03\/1-13-768x256.jpg 768w, https:\/\/matijavertovec.si\/wp-content\/uploads\/2024\/03\/1-13-685x229.jpg 685w, https:\/\/matijavertovec.si\/wp-content\/uploads\/2024\/03\/1-13.jpg 1444w\" sizes=\"auto, (max-width: 1024px) 100vw, 1024px\" \/><\/figure>\n\n\n\n<p class=\"has-text-align-justify\">Pohodniki so se kar nekaj \u010dasa zadr\u017eali na kme\u010dki tr\u017enici in dokaj spraznili stojnice. Vodstvo pohoda je ocenilo, da se je pohoda udele\u017eilo ve\u010d kot 7000 pohodnikov. Posredovanje ekip prve pomo\u010di ni bilo potrebno, ravno tako reditelji niso imeli dela.<\/p>\n\n\n\n<p class=\"has-text-align-justify\">Dru\u0161tvo Matija Vertovec se zahvaljuje vsem pohodnikom, ki ste se tako mno\u017ei\u010dno udele\u017eili na\u0161ega pohoda in nam s tem potrdili, da delamo v pravo smer.<\/p>\n\n\n\n<p>Hvala vsem, ki ste nam pomagali:<\/p>\n\n\n\n<ul class=\"wp-block-list\">\n<li>Ob\u010dini Ajdov\u0161\u010dina<\/li>\n\n\n\n<li>KS na trasi pohoda<\/li>\n\n\n\n<li>TD na trasi pohoda<\/li>\n\n\n\n<li>Vsem rediteljem (58)<\/li>\n\n\n\n<li>Gasilsko dru\u0161tvo Ajdov\u0161\u010dina<\/li>\n\n\n\n<li>Gorski re\u0161evalni slu\u017ebi (12)<\/li>\n\n\n\n<li>Rde\u010di kri\u017e Ajdov\u0161\u010dina<\/li>\n\n\n\n<li>Ekipi prve pomo\u010di Zdravstvenega doma Ajdov\u0161\u010dina<\/li>\n\n\n\n<li>Pevcem okteta Castrum Ajdov\u0161\u010dina<\/li>\n\n\n\n<li>Pihalnemu orkestru Ajdov\u0161\u010dina<\/li>\n\n\n\n<li>Tambura\u0161ekemu orkestru Danica Dobravlje<\/li>\n\n\n\n<li>Vsem \u010dlanom dru\u0161tva Matija Vertovec pri organizaciji in pripravi pohoda<\/li>\n<\/ul>\n\n\n\n<p><strong>Vidimo se na 22 pohodu, ki bo 17.novembra 2024<\/strong><\/p>\n","protected":false},"excerpt":{"rendered":"<p>Ustje, 19.11.2023 Pohod v spomin na vipavskega rojaka in prvega slovenskega vinskega strokovnjaka Matijo Vertovca poteka skozi vasi na Vipavskih gri\u010dih. Pot nam vzame okoli 5 ur nezahtevne hoje. Zbor pohodnikov je med 7.00 in 9.00 pod hrastom pred vasjo Ustje. Smer pohoda: Ustje \u2013 Dolenje \u2013 sv. Marjeta \u2013 Planina \u2013 Ostri vrh (\u010dez &hellip; <a href=\"https:\/\/matijavertovec.si\/index.php\/21-pohod-po-vertovcevih-poteh\/\" class=\"more-link\">Preberi ve\u010d <span class=\"screen-reader-text\">21. POHOD PO VERTOV\u010cEVIH POTEH<\/span><\/a><\/p>\n","protected":false},"author":1,"featured_media":0,"parent":0,"menu_order":0,"comment_status":"closed","ping_status":"closed","template":"","meta":{"ngg_post_thumbnail":0,"footnotes":""},"class_list":["post-348","page","type-page","status-publish","hentry"],"jetpack_sharing_enabled":true,"_links":{"self":[{"href":"https:\/\/matijavertovec.si\/index.php\/wp-json\/wp\/v2\/pages\/348","targetHints":{"allow":["GET"]}}],"collection":[{"href":"https:\/\/matijavertovec.si\/index.php\/wp-json\/wp\/v2\/pages"}],"about":[{"href":"https:\/\/matijavertovec.si\/index.php\/wp-json\/wp\/v2\/types\/page"}],"author":[{"embeddable":true,"href":"https:\/\/matijavertovec.si\/index.php\/wp-json\/wp\/v2\/users\/1"}],"replies":[{"embeddable":true,"href":"https:\/\/matijavertovec.si\/index.php\/wp-json\/wp\/v2\/comments?post=348"}],"version-history":[{"count":1,"href":"https:\/\/matijavertovec.si\/index.php\/wp-json\/wp\/v2\/pages\/348\/revisions"}],"predecessor-version":[{"id":365,"href":"https:\/\/matijavertovec.si\/index.php\/wp-json\/wp\/v2\/pages\/348\/revisions\/365"}],"wp:attachment":[{"href":"https:\/\/matijavertovec.si\/index.php\/wp-json\/wp\/v2\/media?parent=348"}],"curies":[{"name":"wp","href":"https:\/\/api.w.org\/{rel}","templated":true}]}}